**3 + 7*c**2 - 4*c - 15. Let n be v(4). Calculate the highest common factor of n and 292.
73
Suppose -4*w - 3*n + 64 = n, w = n + 14. Suppose 6*b = 7*b - w. Let y(c) = 2*c**2 + 3*c + 3. Let p be y(-2). Calculate the greatest common factor of b and p.
5
Suppose 20*d - 10944 = 11276. What is the greatest common divisor of 22 and d?
11
Let x(k) = k**2 + 2*k + 279. Let p be x(0). What is the highest common divisor of p and 31?
31
Let r = -8 - -20. Let d = -12 + r. Suppose d = 12*l - 17*l + 25. Calculate the highest common factor of 55 and l.
5
Suppose 0 = 4*v - 69 + 13. Suppose -3*q = -14*q + 462. Calculate the highest common divisor of q and v.
14
Suppose -25*m + 82 + 143 = 0. What is the highest common divisor of m and 9?
9
Let h = -2 - -11. Let d(u) = -2*u**2 + 17*u + 21. Let m be d(h). What is the greatest common divisor of m and 24?
12
Let m be 74/6 + (-6)/18. What is the greatest common divisor of m and 180?
12
Let c be 356/(-10) + (-2)/5. Let v = -24 - c. Suppose 2*x + 0*x - 8 = 0. Calculate the highest common factor of v and x.
4
Suppose -5*a + 5 = -4*a, 0 = 3*z + 4*a - 98. Suppose 2*t = -h + z, 0*t - 55 = -2*h - 5*t. What is the highest common factor of 50 and h?
10
Suppose 110*f - 100*f - 4300 = 0. Calculate the greatest common divisor of f and 10.
10
Suppose 5*p - 121 = -1. Suppose 5*t = p + 31. What is the highest common factor of 88 and t?
11
Let x = 9 - 4. Suppose 2*i - i + 16 = 0. Let u be 202/x + i/40. What is the greatest common divisor of 20 and u?
20
Suppose -109*p = -111*p + 32. Suppose 0 = -4*r + b + 3*b - p, b - 5 = 0. What is the greatest common divisor of r and 9?
1
Suppose 0 = 6*k + 15 - 57. Suppose 23 = k*b + 2. Calculate the greatest common divisor of 12 and b.
3
Let b be 2 - 6 - 1*-8. Suppose -2*h - 47 = -6*j + 3*j, -b*j + 3*h + 61 = 0. Suppose 2*u = j + 27. Calculate the greatest common divisor of 23 and u.
23
Let x be 15/(15/3 + -4). Let g be (180/8)/(x/20). Calculate the greatest common factor of g and 40.
10
Let o(l) = -359*l - 78. Let d be o(-2). Calculate the greatest common divisor of d and 20.
20
Let u = 43 - 61. Let f be 668/14 - u/63. Suppose -3*k = -56 - 40. What is the highest common divisor of k and f?
16
Suppose 131 = 4*y + h, -4*y - 23*h + 18*h = -127. Calculate the greatest common factor of 770 and y.
11
Let t(k) = -k**3 + 5*k**2 + 3*k + 11. Let h be t(6). Let j(m) = -m**3 - 4*m**2 + 17*m + 14. Let b be j(h). Calculate the greatest common factor of b and 14.
14
Let z(g) = 5*g. Suppose -4*t = -4*u + 8, 2*t = 3*u - 2*u. Let v be z(t). Suppose 23*w + 75 = 38*w. Calculate the greatest common divisor of w and v.
5
Let u(v) = 7*v**3 + 5*v**2 - 8*v + 3. Let s be u(2). What is the highest common factor of 9 and s?
9
Let v(d) = 11*d + 485. Let u be v(-43). Suppose p - 1 + 2 = 0, -2*i = 3*p - 5. Let k be i/(-2*(-3)/18). What is the highest common factor of k and u?
12
Suppose -k - 4 = -2*x, 0*x + 36 = 5*x + 4*k. Suppose 4*c + x = 32. What is the greatest common factor of c and 21?
7
Suppose 2*y - 4*a = -3*a + 89, -5*y = -3*a - 225. Let o = 28 + -26. Suppose -o*l = -5 - 7. Calculate the greatest common divisor of l and y.
6
Suppose -3*b + 1 = 3*w - 29, -4*w = -3*b + 58. Let a be 48 + 9/3 - -5. Calculate the greatest common factor of a and b.
14
Let i be (2/5)/(4 + 1078/(-270)). Suppose i*d = 49*d + 65. Calculate the highest common factor of 39 and d.
13
Suppose 0 = -l + 12 + 18. Let k = -26 + l. Suppose -4*w = w + 3*c - 357, -k*c + 356 = 5*w. Calculate the highest common divisor of w and 8.
8
Suppose 225 = 5*t + 5*s, 6*s = 4*s + 6. Suppose 126 = -8*c + 14*c. Calculate the greatest common factor of t and c.
21
Suppose -15*q + 100 = -13*q - 2*w, -91 = -2*q - w. Calculate the greatest common divisor of q and 47.
47
Let h(f) = -f**2 - 31*f - 62. Let u be h(-25). What is the highest common factor of 96 and u?
8
Let y = -644 - -1132. Calculate the highest common divisor of y and 61.
61
Suppose s - 6*s = i - 236, 0 = i + s - 232. What is the highest common divisor of 63 and i?
21
Suppose -3*c = -2*c + 2*d - 6, d = 5*c - 52. Let q = 93 + -19. Let t = q + -64. What is the greatest common factor of t and c?
10
Suppose 0*f + 4 = k - 2*f, -5*k - 2*f + 20 = 0. Let t be (-2)/k + (-418)/(-4). Calculate the greatest common factor of t and 13.
13
Suppose 4 = h, -9*g + 7*g = h - 130. Calculate the greatest common divisor of 147 and g.
21
Suppose -3*a - 6 = 0, -4*r - 2*a + 183 - 75 = 0. Calculate the highest common divisor of r and 266.
14
Let z be 408/27 - (-3)/(-27). Suppose 4*i - 8 - 12 = 0. Calculate the highest common factor of i and z.
5
Suppose t = 3*r + 2*t - 1100, 5*r - 3*t - 1810 = 0. What is the greatest common factor of 292 and r?
73
Let o(v) = -3*v - 3. Let b be o(-23). What is the greatest common factor of 99 and b?
33
Suppose -16*v + 352 + 336 = 0. What is the highest common divisor of 1849 and v?
43
Let l = -88 + 193. Let q be (0 - 1)*l/((-3)/1). Calculate the greatest common divisor of q and 14.
7
Let y = -116 + 117. Let d be ((-18)/12 + y)*-104. Let l(a) = a**2 - 5*a + 7. Let k be l(6). Calculate the greatest common divisor of d and k.
13
Suppose -5*o + 3*q = -131, o + 4*q = -o + 68. Let i = -418 + 446. Calculate the greatest common factor of o and i.
28
Let o be (-468)/(-24) - (-3)/(-2). What is the highest common divisor of 513 and o?
9
Let j = -752 + 922. Calculate the highest common divisor of 595 and j.
85
Let p be 480/7 + (3 - 54/21). Let i be 7/21 - p/(-9). Suppose 0*w - 144 = -2*w. Calculate the highest common factor of i and w.
8
Let t be (-24)/168 - 1262/(-14). Calculate the greatest common factor of t and 9.
9
Suppose 0 = f + 124 - 127. Suppose 2*j - 6 = -5*o + 2, -49 = -5*j + 2*o. Let g = f + j. Calculate the greatest common factor of 4 and g.
4
Let v(k) = 4*k**2 - 4*k + 12. Let s be v(-6). What is the greatest common divisor of s and 40?
20
Let v be (0 + (-570)/9)*567/(-105). What is the greatest common factor of v and 19?
19
Suppose 0 = l - 3*v - 308, -144*v = -145*v + 4. What is the highest common factor of l and 10?
10
Suppose 2*k = -2*k - 44. Let u(i) = -2*i**2 + i - 6*i + 3*i**2 - 14. Let a be u(k). Calculate the greatest common divisor of a and 18.
18
Let s be (-3)/(-21) - (-1)/(-7). Suppose s = 5*f - l - 12, 0 = 2*f - 3*f + 4*l + 10. What is the greatest common divisor of f and 8?
2
Suppose -5*m + 2*m - 13 = -2*a, -16 = -5*a + 2*m. Suppose -a*r + 0*r + 2*h = 12, -h = 2*r. Let c = 24 + r. Calculate the greatest common factor of c and 154.
22
Let k = -1433 - -1673. Calculate the greatest common factor of 15 and k.
15
Suppose -3*y - 2*y = -660. Let d = y + -36. Calculate the highest common factor of d and 24.
24
Suppose 20 = -5*h, -5*o - 4*h + 1760 = -639. Let m = o - 288. Calculate the greatest common factor of m and 39.
39
Let u be 25/5*(4 + -1). Suppose -h - h = -330. Calculate the greatest common divisor of h and u.
15
Suppose x - 7*x = -210. Suppose c = -0*c - 2, 4*c + 36 = 2*b. Calculate the greatest common factor of b and x.
7
Let h(c) = -c**3 + 10*c**2 - 19*c - 12. Let u be h(9). Let m be 17/u - (-542)/12. What is the greatest common divisor of 405 and m?
45
Suppose 3*g + 88 = -3*k - g, 0 = -k - 2*g - 30. Let z(j) = 6*j - 18. Let r be z(9). Let u = k + r. Calculate the highest common divisor of u and 4.
4
Let n(o) = 3*o**3 - 100*o**2 + 32*o + 42. Let s be n(33). What is the greatest common divisor of s and 2061?
9
Let h(s) = 10*s**2 - 6*s - 27. Let q be 176/(-30) - 12/90. Let v be h(q). What is the greatest common factor of 41 and v?
41
Suppose -580*d + 578*d + 260 = 0. What is the highest common divisor of 26 and d?
26
Let u be (5/(-15))/((-2)/16)*27. What is the greatest common divisor of u and 8?
8
Suppose 219 = 3*k + 183. Calculate the greatest common divisor of 444 and k.
12
Suppose 3657 = 15*o + 282. What is the highest common factor of o and 25?
25
Let i be (-225)/(((-6)/(-20))/(1/(-5))). Calculate the highest common divisor of 6 and i.
6
Suppose -2*t - 19 = 49. Let i = 66 + t. Let g be 2 + 28 + (9 - 7). Calculate the greatest common divisor of i and g.
32
Suppose -5*j = -4*j + 5*j. Suppose 3*f + s - 22 = j, 37 + 13 = 5*f - s. Calculate the highest common factor of f and 6.
3
Suppose -89*u + 90*u - 7 = 0. Let n = 39 - u. What is the greatest common factor of 32 and n?
32
Let h(n)